{"id":105,"date":"2017-02-25T20:35:48","date_gmt":"2017-02-25T19:35:48","guid":{"rendered":"http:\/\/dev2solve.hu\/web\/?page_id=105"},"modified":"2020-05-14T13:59:04","modified_gmt":"2020-05-14T11:59:04","slug":"tanacsadas","status":"publish","type":"page","link":"https:\/\/dev2solve.hu\/web\/tanacsadas\/","title":{"rendered":"Tan\u00e1csad\u00e1s"},"content":{"rendered":"<p>Ossza meg vel\u00fcnk mi a feladat vagy \u00e9pp a megoldand\u00f3 probl\u00e9ma, \u00e9s mi a hat\u00e1rid\u0151. Mi n\u00e9h\u00e1ny \u00f3r\u00e1n bel\u00fcl aj\u00e1nlatot adunk, \u00e9s\u00a0ak\u00e1r m\u00e9g aznap elkezdj\u00fck a munk\u00e1t. Legyen sz\u00f3 tervez\u00e9sr\u0151l, kivitelez\u00e9sr\u0151l, min\u0151s\u00e9gbiztos\u00edt\u00e1sr\u00f3l, v\u00e1ls\u00e1gkezel\u00e9sr\u0151l &#8211; az informatika \u00e9s az \u00fczleti \u00e9let szinte minden ter\u00fclet\u00e9n otthon vagyunk.<\/p>\n<p>Ezt a szolg\u00e1ltat\u00e1st kifejezetten komplex, kiemelt szak\u00e9rtelmet ig\u00e9nyl\u0151\u00a0projektek sikeres megold\u00e1s\u00e1ra alak\u00edtottuk ki. A munk\u00e1ba kiz\u00e1r\u00f3lag a ter\u00fcleten\u00a0komoly szak\u00e9rtelemmel \u00e9s gyakorlattal rendelkez\u0151\u00a0profikat vonunk be. Csak akkor v\u00e1llaljuk el a megb\u00edz\u00e1st, ha tudjuk hogy\u00a0sikerrel tudjuk megoldani.<\/p>\n<p>Tipikus projektjeink:<\/p>\n<ul>\n<li>v\u00e1ls\u00e1gmenedzsment (c\u00e9gvezet\u00e9s)<\/li>\n<li>v\u00e1ratlan audit (informatikai, p\u00e9nz\u00fcgyi)<\/li>\n<li>v\u00e1ratlan logisztikai, beszerz\u00e9si feladat<\/li>\n<li>kritikus rendszerhiba<\/li>\n<li>hat\u00e1rid\u0151cs\u00fasz\u00e1s (fejleszt\u00e9s, \u00fczemeltet\u00e9s, p\u00e1ly\u00e1zat\u00edr\u00e1s, projektmenedzsment)<\/li>\n<li>p\u00e1ly\u00e1zati adminisztr\u00e1ci\u00f3, hibakezel\u00e9s<\/li>\n<li>projekt menedzsment, koordin\u00e1ci\u00f3, min\u0151s\u00e9gbiztos\u00edt\u00e1s<\/li>\n<\/ul>\n","protected":false},"excerpt":{"rendered":"<p>Ossza meg vel\u00fcnk mi a feladat vagy \u00e9pp a megoldand\u00f3 probl\u00e9ma, \u00e9s mi a hat\u00e1rid\u0151. Mi n\u00e9h\u00e1ny \u00f3r\u00e1n bel\u00fcl aj\u00e1nlatot adunk, \u00e9s\u00a0ak\u00e1r m\u00e9g aznap elkezdj\u00fck a munk\u00e1t. Legyen sz\u00f3 tervez\u00e9sr\u0151l, kivitelez\u00e9sr\u0151l, min\u0151s\u00e9gbiztos\u00edt\u00e1sr\u00f3l, v\u00e1ls\u00e1gkezel\u00e9sr\u0151l &#8211; az informatika \u00e9s az \u00fczleti \u00e9let szinte minden ter\u00fclet\u00e9n otthon vagyunk. Ezt a szolg\u00e1ltat\u00e1st kifejezetten komplex, kiemelt szak\u00e9rtelmet ig\u00e9nyl\u0151\u00a0projektek sikeres megold\u00e1s\u00e1ra &hellip; <\/p>\n<p class=\"link-more\"><a href=\"https:\/\/dev2solve.hu\/web\/tanacsadas\/\" class=\"more-link\">Continue reading<span class=\"screen-reader-text\"> &#8220;Tan\u00e1csad\u00e1s&#8221;<\/span><\/a><\/p>\n","protected":false},"author":1,"featured_media":106,"parent":0,"menu_order":0,"comment_status":"closed","ping_status":"closed","template":"","meta":{"footnotes":""},"class_list":["post-105","page","type-page","status-publish","has-post-thumbnail","hentry"],"_links":{"self":[{"href":"https:\/\/dev2solve.hu\/web\/wp-json\/wp\/v2\/pages\/105","targetHints":{"allow":["GET"]}}],"collection":[{"href":"https:\/\/dev2solve.hu\/web\/wp-json\/wp\/v2\/pages"}],"about":[{"href":"https:\/\/dev2solve.hu\/web\/wp-json\/wp\/v2\/types\/page"}],"author":[{"embeddable":true,"href":"https:\/\/dev2solve.hu\/web\/wp-json\/wp\/v2\/users\/1"}],"replies":[{"embeddable":true,"href":"https:\/\/dev2solve.hu\/web\/wp-json\/wp\/v2\/comments?post=105"}],"version-history":[{"count":7,"href":"https:\/\/dev2solve.hu\/web\/wp-json\/wp\/v2\/pages\/105\/revisions"}],"predecessor-version":[{"id":161,"href":"https:\/\/dev2solve.hu\/web\/wp-json\/wp\/v2\/pages\/105\/revisions\/161"}],"wp:featuredmedia":[{"embeddable":true,"href":"https:\/\/dev2solve.hu\/web\/wp-json\/wp\/v2\/media\/106"}],"wp:attachment":[{"href":"https:\/\/dev2solve.hu\/web\/wp-json\/wp\/v2\/media?parent=105"}],"curies":[{"name":"wp","href":"https:\/\/api.w.org\/{rel}","templated":true}]}}